8
What is the units digit of 5085009?
9
What is the millions digit of 1234079?
1
What is the tens digit of 402981?
8
What is the hundreds digit of 7288063?
0
What is the thousands digit of 10386842?
6
What is the hundred thousands digit of 7873754?
8
What is the units digit of 8436643?
3
What is the tens digit of 441550?
5
What is the tens digit of 447300?
0
What is the units digit of 957871?
1
What is the thousands digit of 201804?
1
What is the tens digit of 1622643?
4
What is the tens digit of 76267?
6
What is the ten thousands digit of 588480?
8
What is the thousands digit of 19224292?
4
What is the hundred thousands digit of 4100032?
1
What is the tens digit of 449433?
3
What is the hundred thousands digit of 1192121?
1
What is the millions digit of 1403699?
1
What is the units digit of 741114?
4
What is the ten thousands digit of 638596?
3
What is the ten thousands digit of 9364858?
6
What is the tens digit of 3965345?
4
What is the units digit of 340037?
7
What is the hundred thousands digit of 8153520?
1
What is the hundreds digit of 477674?
6
What is the thousands digit of 161560?
1
What is the tens digit of 20884209?
0
What is the hundreds digit of 943639?
6
What is the millions digit of 2964972?
2
What is the thousands digit of 467676?
7
What is the tens digit of 65116?
1
What is the ten thousands digit of 17443735?
4
What is the hundreds digit of 255849?
8
What is the units digit of 27456090?
0
What is the ten thousands digit of 58740?
5
What is the hundreds digit of 8100592?
5
What is the tens digit of 3041720?
2
What is the units digit of 6632335?
5
What is the hundred thousands digit of 297690?
2
What is the tens digit of 29844?
4
What is the ten thousands digit of 18655567?
5
What is the millions digit of 4742965?
4
What is the units digit of 973943?
3
What is the hundreds digit of 546064?
0
What is the ten thousands digit of 684175?
8
What is the hundred thousands digit of 143985?
1
What is the ten thousands digit of 405188?
0
What is the hundreds digit of 7664?
6
What is the units digit of 1044014?
4
What is the hundred thousands digit of 272886?
2
What is the units digit of 156869?
9
What is the thousands digit of 2686945?
6
What is the tens digit of 368894?
9
What is the hundred thousands digit of 303072?
3
What is the thousands digit of 268151?
8
What is the hundreds digit of 5221834?
8
What is the units digit of 81856?
6
What is the ten thousands digit of 179212?
7
What is the thousands digit of 229240?
9
What is the millions digit of 1497755?
1
What is the tens digit of 9227655?
5
What is the thousands digit of 26052?
6
What is the hundreds digit of 18925958?
9
What is the thousands digit of 8875666?
5
What is the hundreds digit of 25701646?
6
What is the ten thousands digit of 814411?
1
What is the hundred thousands digit of 8834171?
8
What is the units digit of 610577?
7
What is the thousands digit of 703803?
3
What is the ten thousands digit of 2370586?
7
What is the hundred thousands digit of 274942?
2
What is the hundreds digit of 391195?
1
What is the units digit of 1277066?
6
What is the tens digit of 18400585?
8
What is the hundred thousands digit of 397157?
3
What is the thousands digit of 1668133?
8
What is the hundred thousands digit of 2352300?
3
What is the units digit of 1364113?
3
What is the tens digit of 11051947?
4
What is the ten thousands digit of 100631?
0
What is the hundred thousands digit of 2060398?
0
What is the units digit of 717544?
4
What is the tens digit of 166143?
4
What is the tens digit of 8310432?
3
What is the hundred thousands digit of 1484657?
4
What is the thousands digit of 539896?
9
What is the hundred thousands digit of 25640622?
6
What is the thousands digit of 17521968?
1
What is the units digit of 8405545?
5
What is the thousands digit of 868180?
8
What is the hundred thousands digit of 6461432?
4
What is the ten thousands digit of 5002657?
0
What is the hundreds digit of 1746621?
6
What is the hundreds digit of 1595748?
7
What is the ten millions digit of 13979284?
1
What is the thousands digit of 1718746?
8
What is the hundreds digit of 15999775?
7
What is the ten thousands digit of 5676750?
7
What is the units digit of 8851027?
7
What is the millions digit of 20341527?
0
What is the ten thousands digit of 3990493?
9
What is the units digit of 6474596?
6
What is the hundreds digit of 1617031?
0
What is the units digit of 4764116?
6
What is the hundred thousands digit of 2517973?
5
What is the tens digit of 8677018?
1
What is the millions digit of 2241055?
2
What is the units digit of 1530946?
6
What is the ten thousands digit of 100762?
0
What is the tens digit of 354033?
3
What is the hundreds digit of 3865435?
4
What is the hundreds digit of 94601?
6
What is the hundreds digit of 182329?
3
What is the units digit of 28936?
6
What is the hundreds digit of 774602?
6
What is the hundred thousands digit of 193762?
1
What is the tens digit of 7586876?
7
What is the hundred thousands digit of 36048419?
0
What is the thousands digit of 5364507?
4
What is the ten thousands digit of 631727?
3
What is the units digit of 623604?
4
What is the hundreds digit of 36910171?
1
What is the millions digit of 1554927?
1
What is the thousands digit of 108099?
8
What is the units digit of 13413251?
1
What is the hundreds digit of 8433051?
0
What is the hundred thousands digit of 9192228?
1
What is the tens digit of 2295985?
8
What is the millions digit of 6104760?
6
What is the units digit of 247401?
1
What is the hundred thousands digit of 462708?
4
What is the tens digit of 944582?
8
What is the hundred thousands digit of 16425325?
4
What is the hundreds digit of 163418?
4
What is the ten thousands digit of 3400139?
0
What is the units digit of 802573?
3
What is the millions digit of 11688411?
1
What is the ten thousands digit of 36571153?
7
What is the ten thousands digit of 965733?
6
What is the hundred thousands digit of 30587241?
5
What is the hundreds digit of 947346?
3
What is the thousands digit of 80956?
0
What is the hundred thousands digit of 6787881?
7
What is the hundred thousands digit of 321427?
3
What is the hundred thousands digit of 149143?
1
What is the hundreds digit of 229075?
0
What is the thousands digit of 309571?
9
What is the thousands digit of 622164?
2
What is the units digit of 370927?
7
What is the units digit of 97231?
1
What is the hundred thousands digit of 267868?
2
What is the tens digit of 977902?
0
What is the tens digit of 246775?
7
What is the hundreds digit of 2528509?
5
What is the units digit of 289459?
9
What is the hundreds digit of 182212?
2
What is the hundred thousands digit of 322066?
3
What is the units digit of 70106?
6
What is the hundred thousands digit of 6617671?
6
What is the hundreds digit of 401649?
6
What is the ten thousands digit of 4937850?
3
What is the thousands digit of 430296?
0
What is the ten thousands digit of 880797?
8
What is the millions digit of 8047795?
8
What is the ten thousands digit of 444755?
4
What is the tens digit of 3270118?
1
What is the hundreds digit of 4998460?
4
What is the thousands digit of 124989?
4
What is the hundred thousands digit of 12704614?
7
What is the units digit of 924979?
9
What is the millions digit of 1604214?
1
What is the tens digit of 14799524?
2
What is the hundred thousands digit of 13757942?
7
What is the hundreds digit of 5917001?
0
What is the units digit of 4825?
5
What is the ten thousands digit of 1655294?
5
What is the thousands digit of 185534?
5
What is the tens digit of 35138?
3
What is the tens digit of 880933?
3
What is the millions digit of 2911872?
2
What is the units digit of 6598752?
2
What is the units digit of 356643?
3
What is the thousands digit of 181177?
1
What is the thousands digit of 9709434?
9
What is the ten thousands digit of 1656842?
5
What is the units digit of 171502?
2
What is the units digit of 2579381?
1
What is the hundreds digit of 350966?
9
What is the tens digit of 1526888?
8
What is the hundreds digit of 8647173?
1
What is the units digit of 599926?
6
What is the thousands digit of 82862?
2
What is the ten thousands digit of 17730711?
3
What is the hundreds digit of 312504?
5
What is the units digit of 9926695?
5
What is the hundred thousands